15773
What are the prime factors of 1414759?
19, 3919
List the prime factors of 410566.
2, 13, 15791
What are the prime factors of 3215923?
3215923
List the prime factors of 4138839.
3, 109, 4219
List the prime factors of 3389014.
2, 1694507
List the prime factors of 1628.
2, 11, 37
What are the prime factors of 611802?
2, 3, 41, 829
List the prime factors of 264185.
5, 52837
List the prime factors of 19535098.
2, 11, 191, 4649
List the prime factors of 13429830.
2, 3, 5, 17, 1549
List the prime factors of 4127498.
2, 17, 37, 193
What are the prime factors of 9930951?
3, 103, 3571
List the prime factors of 6326332.
2, 43, 36781
What are the prime factors of 1128504?
2, 3, 13, 3617
List the prime factors of 3595851.
3, 7, 57077
What are the prime factors of 906824?
2, 263, 431
What are the prime factors of 5379608?
2, 13, 23, 173
What are the prime factors of 4662391?
19, 245389
What are the prime factors of 379726?
2, 29, 6547
List the prime factors of 8104976.
2, 11, 46051
List the prime factors of 9972897.
3, 11, 17, 29, 613
List the prime factors of 795255.
3, 5, 53017
List the prime factors of 35381987.
83, 149, 2861
List the prime factors of 3639258.
2, 3, 7, 17, 1699
What are the prime factors of 313247?
11, 28477
List the prime factors of 3143766.
2, 3, 103, 5087
List the prime factors of 274587.
3, 91529
What are the prime factors of 8941178?
2, 4470589
List the prime factors of 14697036.
2, 3, 408251
What are the prime factors of 573445?
5, 114689
List the prime factors of 18581614.
2, 257, 36151
List the prime factors of 1601833.
19, 84307
What are the prime factors of 24498361?
41, 597521
What are the prime factors of 1114537?
17, 53, 1237
What are the prime factors of 809770?
2, 5, 13, 6229
List the prime factors of 2653476.
2, 3, 7, 31, 1019
What are the prime factors of 3903823?
7, 11, 419
What are the prime factors of 6481780?
2, 5, 324089
List the prime factors of 59284.
2, 14821
What are the prime factors of 3355340?
2, 5, 127, 1321
What are the prime factors of 94870?
2, 5, 53, 179
List the prime factors of 561764.
2, 7, 20063
List the prime factors of 2515437.
3, 277, 1009
What are the prime factors of 11353124?
2, 2838281
List the prime factors of 11878751.
307, 38693
List the prime factors of 2667374.
2, 1333687
What are the prime factors of 3835959?
3, 331, 3863
What are the prime factors of 169498?
2, 7, 12107
What are the prime factors of 480466?
2, 7, 34319
What are the prime factors of 865191?
3, 23, 12539
What are the prime factors of 661003?
7, 89, 1061
What are the prime factors of 2532003?
3, 844001
What are the prime factors of 1181875?
5, 31, 61
List the prime factors of 183542.
2, 91771
List the prime factors of 298667.
298667
List the prime factors of 687311.
687311
List the prime factors of 1890076.
2, 83, 5693
What are the prime factors of 408943?
408943
List the prime factors of 4728223.
107, 44189
List the prime factors of 495675.
3, 5, 2203
List the prime factors of 224635.
5, 44927
What are the prime factors of 826259?
7, 118037
What are the prime factors of 131090?
2, 5, 13109
List the prime factors of 696307.
181, 3847
List the prime factors of 1138437.
3, 126493
List the prime factors of 31687754.
2, 7, 2263411
What are the prime factors of 2208426?
2, 3, 11, 33461
What are the prime factors of 9295706?
2, 7, 663979
List the prime factors of 3719475.
3, 5, 61, 271
List the prime factors of 6985986.
2, 3, 7, 47, 3539
List the prime factors of 21354001.
569, 37529
List the prime factors of 189086.
2, 94543
What are the prime factors of 1915389?
3, 7, 30403
List the prime factors of 3398765.
5, 679753
What are the prime factors of 36086358?
2, 3, 7, 11, 19, 4111
List the prime factors of 15165991.
1091, 13901
List the prime factors of 661500.
2, 3, 5, 7
List the prime factors of 66749.
66749
What are the prime factors of 10391197?
241, 43117
What are the prime factors of 160976?
2, 10061
What are the prime factors of 4431206?
2, 13, 131, 1301
What are the prime factors of 4915236?
2, 3, 31, 73, 181
What are the prime factors of 5114818?
2, 53, 73, 661
What are the prime factors of 486442?
2, 11, 22111
What are the prime factors of 1050765?
3, 5, 70051
What are the prime factors of 1581630?
2, 3, 5, 52721
What are the prime factors of 25212130?
2, 5, 41, 61493
What are the prime factors of 644787?
3, 11, 13, 167
List the prime factors of 3218281.
11, 307, 953
List the prime factors of 64457.
43, 1499
What are the prime factors of 124392?
2, 3, 71, 73
What are the prime factors of 5491522?
2, 2745761
What are the prime factors of 8633207?
11, 784837
List the prime factors of 23099724.
2, 3, 61, 67, 157
List the prime factors of 1447849.
13, 111373
What are the prime factors of 12010331?
211, 56921
What are the prime factors of 23479997?
23479997
What are the prime factors of 2641658?
2, 223, 5923
What are the prime factors of 561448?
2, 70181
List the prime factors of 35593.
35593
What are the prime factors of 481956?
2, 3, 40163
What are the prime factors of 1415621?
137, 10333
What are the prime factors of 11163723?
3, 547, 6803
What are the prime factors of 6262677?
3, 77317
What are the prime factors of 10608083?
23, 61, 7561
List the prime factors of 780720.
2, 3, 5, 3253
List the prime factors of 2311760.
2, 5, 11, 37, 71
What are the prime factors of 104322?
2, 3, 17387
What are the prime factors of 3223198?
2, 11, 19, 701
What are the prime factors of 4211290?
2, 5, 353, 1193
What are the prime factors of 175025?
5, 7001
What are the prime factors of 1321701?
3, 440567
What are the prime factors of 1448242?
2, 724121
What are the prime factors of 23239832?
2, 7, 11, 31, 1217
What are the prime factors of 81073?
17, 19, 251
What are the prime factors of 155416?
2, 19427
List the prime factors of 7899257.
73, 241, 449
What are the prime factors of 9934849?
29, 31, 43, 257
List the prime factors of 20879202.
2, 3, 61, 57047
What are the prime factors of 2173815?
3, 5, 7, 67, 103
List the prime factors of 20570598.
2, 3, 43, 2953
List the prime factors of 9266484.
2, 3, 772207
List the prime factors of 56091.
3, 7, 2671
What are the prime factors of 7467762?
2, 3, 1244627
List the prime factors of 99465.
3, 5, 19, 349
List the prime factors of 799181.
23, 34747
What are the prime factors of 3132005?
5, 83, 7547
What are the prime factors of 3165319?
53, 59723
What are the prime factors of 296130?
2, 3, 5, 9871
What are the prime factors of 467083?
467083
List the prime factors of 7998948.
2, 3, 222193
List the prime factors of 266339.
17, 15667
What are the prime factors of 1794642?
2, 3, 299107
List the prime factors of 12209998.
2, 6104999
What are the prime factors of 6335062?
2, 461, 6871
List the prime factors of 2181918.
2, 3, 23, 97, 163
What are the prime factors of 1850462?
2, 43, 21517
List the prime factors of 12318.
2, 3, 2053
List the prime factors of 711567.
3, 79063
List the prime factors of 40324849.
40324849
What are the prime factors of 26208634?
2, 29, 451873
What are the prime factors of 67137?
3, 7, 23, 139
List the prime factors of 1550.
2, 5, 31
What are the prime factors of 1153937?
61, 18917
What are the prime factors of 745?
5, 149
List the prime factors of 3891125.
5, 7, 4447
What are the prime factors of 2234955?
3, 5, 148997
List the prime factors of 196582.
2, 227, 433
What are the prime factors of 290838?
2, 3, 48473
List the prime factors of 3487864.
2, 435983
List the prime factors of 4262051.
4262051
List the prime factors of 1698549.
3, 566183
What are the prime factors of 105264?
2, 3, 17, 43
What are the prime factors of 8134?
2, 7, 83
What are the prime factors of 11527514?
2, 227, 25391
What are the prime factors of 530712?
2, 3, 7, 13
List the prime factors of 34040.
2, 5, 23, 37
What are the prime factors of 5038348?
2, 7, 103, 1747
List the prime factors of 286756.
2, 17, 4217
List the prime factors of 70143.
3, 103, 227
What are the prime factors of 19370500?
2, 5, 19, 2039
List the prime factors of 465879.
3, 83, 1871
List the prime factors of 166747.
7, 41, 83
What are the prime factors of 1020839?
1020839
List the prime factors of 13790984.
2, 23, 241, 311
List the prime factors of 308793.
3, 102931
List the prime factors of 569114.
2, 7, 13, 53, 59
Li